 Suppose 0 = -2*a - 0*c + 4*c - 8, -5*c + 49 = u*a. What is the highest common factor of z and a?
6
Let y(u) = -5*u**2 + 5*u - 2. Let f be y(2). Let w = f + 14. What is the greatest common factor of w and 5?
1
Let u = -13 + 3. Let i = u - -16. Suppose -5*f + o = -145, 0 = 4*f - 4*o + 3*o - 115. Calculate the greatest common divisor of f and i.
6
Let n be 111/12 - (-2)/(-8). What is the greatest common factor of 3 and n?
3
Suppose 2*y = 0, 6*s - 56 = 2*s - 4*y. What is the greatest common factor of 2 and s?
2
Let v(k) = 3 + 41*k**2 + 40*k**2 - 4. Let z be v(1). What is the greatest common divisor of z and 20?
20
Let b be 1 + -1 + (-18)/(-9). Suppose 4*h = -2*u + 40, -h = 3*u - b*h - 88. What is the greatest common divisor of u and 7?
7
Suppose 61 = 3*a - 2*i, 5*i + 80 + 6 = 4*a. What is the greatest common divisor of 171 and a?
19
Let s be -2 + -78*(-4 + 3). Let w be 1*2*(-38)/(-4). Calculate the highest common divisor of s and w.
19
Suppose -t + 0*t = -4. Suppose 2*l - t = 8. Let s be (9/(-12))/(1/(-4)). What is the highest common factor of s and l?
3
Suppose -5*m + 11 = 1. Let z(x) = 3*x**2 - 2*x - 2. Let k be z(m). Let q be 4/(-2)*(-21)/k. What is the greatest common divisor of q and 56?
7
Let d(o) = -o**3 + 11*o**2 - 13*o + 10. Let b be d(9). What is the greatest common divisor of 11 and b?
11
Suppose 0 = 4*o + 2*n - 92, -5*o - n = -6*n - 130. What is the highest common factor of 6 and o?
6
Suppose 3*a - 14 = -4*j, -3*j + 2 = -4*a + 4. Suppose 140 = 5*v - 5*q, 2*v - 4*q = 68 - 8. Suppose v = 3*w + a. What is the greatest common factor of w and 8?
8
Let f(x) = x**2 + 2*x + 1. Let t be f(0). Calculate the highest common factor of t and 1.
1
Let u(y) = y**2 + 7*y - 14. Let q be u(4). What is the greatest common factor of q and 300?
30
Let i = 15 + -4. Calculate the greatest common factor of 22 and i.
11
Suppose 3 = 13*c - 10*c. Let k(s) = 7*s - 31. Let z(m) = 10*m - 46. Let a(n) = 7*k(n) - 5*z(n). Let u be a(9). What is the highest common divisor of u and c?
1
Let c(z) = 3 + 11*z**2 - 4*z**3 + 3*z**3 + 2. Let i = -6 - -17. Let n be c(i). What is the highest common divisor of 40 and n?
5
Let q be (3/9)/(2/858). Calculate the highest common factor of 13 and q.
13
Let s = 90 - 18. Let j be (-4)/15*3*-10. Calculate the highest common divisor of j and s.
8
Let a(d) = 3*d - 7. Let i be a(5). Let l be i/(-12) + (-29)/(-3). Calculate the greatest common factor of l and 18.
9
Let o(a) = a**3 - 23*a**2 + 21*a + 28. Let i be o(22). Let f(v) = v**3 - 9*v**2 + v. Let c be f(9). What is the greatest common factor of i and c?
3
Let r = -1 + 7. Suppose r + 3 = u + b, -2*u - 5*b = -15. Let n = 4 + -2. What is the highest common divisor of n and u?
2
Suppose 4*j - 30 = j. Calculate the highest common factor of 5 and j.
5
Let w = -1 + 5. Calculate the highest common factor of w and 8.
4
Suppose 0 = -0*u - 3*u - 9, 5*k - 3*u = 39. Suppose k - 3 = 3*a. Calculate the highest common factor of a and 7.
1
Suppose u - 35 = 19. Let z(o) = o + 92. Let n be z(0). Suppose -4*r - n + 4 = -4*b, 2*b - r - 40 = 0. Calculate the greatest common factor of b and u.
18
Suppose -29 = -3*v + n - 0, -v + 2*n = -13. Let r = v + -9. Suppose -2*j + j + 5 = r. What is the greatest common divisor of j and 55?
5
Let q(p) = p**2 - 5*p - 6. Let z be q(6). Suppose 2*w = -z*w + 30. Let x(l) = l + 5. Let c be x(0). What is the greatest common factor of c and w?
5
Let k(t) = -42*t. Let m = -4 - -3. Let g be k(m). Calculate the greatest common divisor of 21 and g.
21
Let j(y) = -344*y**3 - 2*y**2 - y. Let i be j(-1). Suppose -152 = -5*g + i. What is the highest common divisor of g and 9?
9
Suppose -q - 1 = 0, -2*b + 10 = -5*q - 29. Let g = -12 - -29. Calculate the greatest common factor of g and b.
17
Let z be 1 - (2 - 0) - -15. Let g = -60 + 102. Calculate the highest common factor of z and g.
14
Let f(c) = c**2 - 15*c + 2. Let q be f(15). What is the greatest common factor of q and 18?
2
Let t be 1/((-12)/10 - -1). Let g be (0 + 1)*7*t. Let m = g - -61. What is the highest common factor of m and 39?
13
Suppose -170 + 173 = p. Suppose -5*m + 2*m + 72 = 0. Calculate the greatest common factor of p and m.
3
Suppose 3*m + 46 = 2*t, t - 4*m - 49 = -16. Let b(p) = 4*p**2 - 13*p - p - 5*p**2 + 6. Let a be b(-9). What is the greatest common divisor of a and t?
17
Suppose 2 = -0*l + 2*l - 3*r, -4*r = 3*l - 3. Let y(m) = m + 5. Let c be y(-4). What is the highest common factor of l and c?
1
Let r = 243 + 37. What is the highest common divisor of 35 and r?
35
Let k = 52 + -42. Calculate the greatest common divisor of 5 and k.
5
Suppose 6*a - 4*g - 51 = a, -5*a = -5*g - 50. Let f be ((-66)/(-12))/(1/6). What is the greatest common divisor of a and f?
11
Let c = 10 + -4. Suppose 0 = -4*a + 2*z + 100, -3*a + c*z - 5*z + 74 = 0. Calculate the greatest common factor of 3 and a.
3
Let o = -5 - -2. Let k = 19 - o. Let u = 33 - k. What is the highest common divisor of 99 and u?
11
Suppose q + u = -9, 0 = -3*q - q + 5*u - 9. Let n be (4 - 0)*(-15)/q. Let k be 235/25 + (-4)/n. What is the highest common divisor of 3 and k?
3
Let q(y) = -25*y + 3. Let c be q(-3). Suppose -3 = -d + c. Calculate the greatest common factor of 9 and d.
9
Suppose -s - 2*m = -40, 2*s + 2*m + 19 = 107. Calculate the greatest common factor of s and 72.
24
Let d = 54 - 12. Let b be ((-14)/4)/((-4)/40). Let j = -14 + b. Calculate the highest common divisor of d and j.
21
Suppose 0 = -3*b + 2*b + 15. Suppose 2*y - 70 = -3*y. Suppose 4*c - 57 = -3*w, 3*w + y = c - 4. Calculate the highest common divisor of b and c.
15
Let d be (9/2)/(2/4). Calculate the greatest common divisor of d and 72.
9
Let h = 3 - -2. Suppose 0*n + 4*n = -4*u, 0 = h*n + 3*u - 10. Suppose -2*d = n*r - 79, -r + 34 = r + 2*d. Calculate the highest common factor of r and 120.
15
Let j(c) = c**2 - 8*c - 34. Let d be j(12). What is the greatest common divisor of d and 35?
7
Let g be (-1)/(-3) + (-32)/(-3). Let w = 0 - -3. Suppose -w*n + 88 = n. What is the greatest common factor of n and g?
11
Suppose 0*l - 4*j + 2 = 2*l, -3*l = 2*j - 11. Suppose -l*v = -v - 560. What is the greatest common divisor of 14 and v?
14
Let o be 35/(-7)*(-1 + -4). What is the highest common divisor of o and 50?
25
Let v = 23 + -8. What is the greatest common divisor of 60 and v?
15
Suppose x - 20 = o - 3, 5*x - 83 = 4*o. Calculate the greatest common divisor of x and 10.
5
Let r = -7 + -1. Let o be (-245)/(-28) + 6/r. Let p(x) = 8*x. Let v be p(3). Calculate the highest common divisor of v and o.
8
Suppose 0 = 2*k - 6 + 2. Suppose -3*i = -8*i + 15. Suppose -b + k*b = 4*f + 80, 206 = i*b + 5*f. Calculate the highest common divisor of 48 and b.
24
Suppose -3*u - 4*d + 126 = -6*d, -2*d = 0. What is the highest common factor of u and 42?
42
Let d(f) = 2*f**2 + 5*f - 2. Let j be d(-4). Calculate the greatest common divisor of j and 40.
10
Let i be 122/(-6) + (-3)/(-9). Let j = i - -32. Suppose -16 = -4*l + j. What is the greatest common divisor of l and 21?
7
Let j(f) = 17*f + 1. Let u be j(3). Suppose 2*z + 26 = 4*z. What is the highest common factor of z and u?
13
Let w(b) = b**2 - 1. Let k be w(-1). Let n = 14 + k. Calculate the highest common divisor of n and 126.
14
Suppose 3 - 63 = -4*u + 5*k, 3*u - 4*k - 44 = 0. Calculate the greatest common factor of 30 and u.
10
Let i = -1 - 1. Let n be (-6)/(-10) + 18/(-5). Let w = i - n. Calculate the greatest common divisor of w and 1.
1
Let r be 2/16 + 39/8 + 4. What is the highest common factor of 63 and r?
9
Let k be (-3)/(-5) - (-24)/10. Suppose -k*o + 21 = -6. Calculate the greatest common divisor of 81 and o.
9
Let m(t) = t**2 - 6*t + 5. Let v be m(5). Suppose -a + 4 + v = 0. Suppose -h + 17 = -2*z, -7*z = a*h - 3*z - 32. Calculate the highest common factor of 1 and h.
1
Let m be (-5)/((-45)/912) - 16/12. What is the greatest common factor of 25 and m?
25
Suppose 0 = 5*f - 3*z - 16, -2*z - 17 + 3 = -5*f. Suppose -4*v = 2*l - 14, 0 = 2*v - 5*l + 16 - 5. What is the greatest common factor of f and v?
2
Let s(a) = a**3 - 5*a**2 + 5*a - 1. Let g be s(4). Let o = 10 - g. What is the greatest common factor of o and 28?
7
Suppose -24*y = -28*y + 16. What is the greatest common divisor of 20 and y?
4
Let p(n) = -3*n**3 - 3*n**2 + n + 4. Let x be 2*(-4)/6*3.